e -4*l + 5*f + 60 = 0, -52 + 127 = 5*l + 5*f. Let v be (33/l)/(4/20). What is the highest common divisor of v and 99?
11
Let f(l) be the first derivative of 7*l**2/2 - 13*l + 10. Let j be f(4). Calculate the highest common divisor of 30 and j.
15
Let w be 3/15 - (-9)/5. Let v = -1 + w. What is the highest common divisor of v and 3?
1
Let z = 30 - 28. Suppose z*s - 2*a = 3*a + 63, 0 = -2*s - 5*a + 113. What is the highest common divisor of s and 4?
4
Let m be (-6 - (0 - 1)) + 52. Calculate the highest common divisor of m and 423.
47
Let h(r) be the first derivative of 7*r**3/3 + r**2/2 - 3. Let f be h(1). Calculate the greatest common factor of 8 and f.
8
Let l = -35 - -41. Calculate the highest common factor of l and 60.
6
Let f(x) = 4*x - 5. Let k(b) = -b**3 + 2*b**2 + 5*b - 2. Let v be k(3). Let g be f(v). What is the highest common divisor of 55 and g?
11
Suppose 86 = 4*g + 30. Calculate the greatest common divisor of g and 7.
7
Suppose 220 = 26*h - 24*h. What is the greatest common divisor of 11 and h?
11
Let f = 22 - 19. Calculate the greatest common factor of 57 and f.
3
Suppose 3*k = 4*k - 5. Let y be 31*1 + (-5)/k. Suppose -i + 3*z + y = i, -4*z = -2*i + 32. What is the highest common factor of i and 3?
3
Let z = -1 + -1. Let s = 10 - z. Calculate the highest common divisor of 12 and s.
12
Let z be (-2 + 0)*(-3)/6. Let w be z - (-1)/(-1)*-7. Let b = w - 2. Calculate the highest common factor of 6 and b.
6
Let a = 273 + -138. Suppose -5*x + 3*w + a = -147, 2*w + 8 = 0. Calculate the greatest common divisor of x and 6.
6
Let x(w) = -w - 2*w**2 + 6 + 4*w**2 - w**3 + 0*w**2 - w**2. Let c be x(0). Calculate the highest common divisor of 54 and c.
6
Let y(s) = -2*s + 3. Let c be y(5). Let f(m) = -6*m + 4. Let u be f(c). Calculate the greatest common divisor of u and 115.
23
Let l(b) = 3*b + 41. Let c be l(-12). Calculate the highest common factor of c and 40.
5
Suppose 4*y + 6*i = 4*i + 458, -3*y - 3*i + 351 = 0. Let z be 1/(-3) - 43/(-3). What is the highest common factor of y and z?
14
Suppose 2*k = 3*k - 1, 2*k = 5*i - 8. Suppose -u = -i*u + 5. Suppose -u*l + 138 = 18. What is the highest common divisor of l and 16?
8
Suppose -68 = 2*c - 206. What is the greatest common factor of 92 and c?
23
Let h(u) = 6*u**2 + 8*u + 3. Let s be h(-6). Suppose 4*n = 3*a - 2*a + s, -5*n = a - 207. What is the highest common divisor of 28 and n?
14
Suppose 3*s = 5*n, s - 2*n = 3*s. Let v be -1 - (1 + s)*2. Let j be (8/(-6))/(2/v). Calculate the greatest common factor of j and 6.
2
Let x(v) = -6*v - 7. Let g be x(-7). Suppose c = -c + 10. Let h = g + c. Calculate the greatest common factor of 8 and h.
8
Let c = 176 + -122. What is the highest common divisor of 6 and c?
6
Let t = -4 + 6. Suppose -u + 8 - t = 0. Calculate the greatest common divisor of 6 and u.
6
Let b(v) = v**3 - 5*v**2 - 8. Let s be b(6). Suppose -2*n + 56 = -s. Let z = -46 + 52. Calculate the greatest common divisor of z and n.
6
Let j(z) = -z**2 + 8*z + 7. Let i be j(4). What is the greatest common factor of 184 and i?
23
Let m be (27/9)/((-3)/(-10)). What is the highest common divisor of 80 and m?
10
Let g(x) = -2*x**2 + 18*x - 24. Let q be g(7). What is the greatest common divisor of 2 and q?
2
Let c = -4 - -23. Calculate the highest common factor of 19 and c.
19
Let q(u) = -u + 1. Let s be q(-4). Suppose -3*w = -2*p - 2*p - 38, -5*w - 2*p + 46 = 0. Let n = 30 + w. Calculate the highest common factor of s and n.
5
Let k be 1 + (1 - (2 - 0)). Suppose -l - 2*h - 56 = k, 8*l = 3*l - h - 325. Let q = -41 - l. Calculate the highest common factor of 5 and q.
5
Suppose 16 = u + 5*a, 5*u + 2 = 4*u + a. Let b(m) = -m**2 - 11*m - 1. Let s be b(-11). Let t be -1*7/s*u. What is the highest common factor of 14 and t?
7
Let h(b) = -b**3 + 5*b**2 - 7. Let o be h(4). Calculate the highest common factor of o and 18.
9
Suppose -10 = -2*z + 5*k, k - 2 = 3*z - 4. Suppose -5*q + 48 - 13 = z. Suppose 14 = a - 0. What is the greatest common factor of a and q?
7
Suppose 2*j + 447 = n, 0 = n - 4*j - 124 - 319. What is the greatest common factor of 41 and n?
41
Let h(v) = v**3 - 5*v**2 + 2*v + 5. Let m be h(4). Let i(f) = f**2 - 2*f + 3. Let o be i(m). Let s = -12 + o. Calculate the highest common divisor of 3 and s.
3
Suppose -4*f = 3*s + f - 18, -4*f = 0. Calculate the greatest common divisor of 48 and s.
6
Suppose 3*f - 26 + 2 = 0. Let a be ((-4)/f)/((-1)/170). Calculate the highest common divisor of 34 and a.
17
Suppose 2*w - 7 = 1. Let o be (-2)/4 - (-100)/8. What is the highest common factor of w and o?
4
Let t be 6/(-21) - 468/(-21). Suppose -s + 3*s - t = 0. Suppose -2*n = -s + 3. Calculate the highest common divisor of 4 and n.
4
Let l be (-6)/3 + 7/1. Suppose -l*b = -272 + 107. Let v = -17 + b. What is the highest common factor of v and 40?
8
Let i(j) = 0*j**2 - j**2 - 9 + 2*j**2 - 9*j. Let r be i(-6). What is the highest common factor of 9 and r?
9
Let f(q) = q**3 - 6*q**2 + 8. Let w be f(6). Let v be (6/(-8))/(3*12/(-48)). Calculate the highest common divisor of w and v.
1
Let t(i) = -i**2 - 4*i. Let g be t(-4). Suppose 0 = -g*z - 4*z + 312. Let f be 15*1*z/10. Calculate the greatest common divisor of 13 and f.
13
Let s = 105 - 45. Suppose 40 = w - 3*f, -4*w - s = -6*w + f. What is the highest common divisor of w and 70?
14
Suppose -4*g + 2*m = 12, 0 = -3*g - 2*m - 2*m + 13. Let p be g - 31/(-1)*1. Let n be (-1)/(-2) - 69/(-6). Calculate the highest common factor of n and p.
6
Let q(g) = -g**2 + 51. Let v be q(0). What is the highest common divisor of v and 17?
17
Let c = -5 + 9. Suppose -2*k = 5*q - 3*k + 17, -3*q - 5 = 2*k. Let a be (q - -5) + 5 + 1. What is the highest common divisor of a and c?
4
Suppose 4*h - 4 = 4. Let r(t) = 2*t**h - 2 + 1 - 5*t + 4. Let d be r(3). What is the highest common factor of 2 and d?
2
Let l be (-23 - 1)*6/(-9). Let j be -3 - -27 - (-1 + 1). Suppose -2*z + j = -z. Calculate the greatest common divisor of l and z.
8
Suppose -t - 4*c + 25 = 0, -t + 6*c - 3*c - 10 = 0. Suppose -4*m + 45 = -63. Suppose t*z + 7 = m. Calculate the greatest common divisor of 16 and z.
4
Let u = 36 - 23. Let i be (-6*2)/(6/(-52)). Calculate the highest common divisor of u and i.
13
Let n = -2 + 2. Suppose 2*i - 4*u - 86 = 0, -4*i - u + n*u = -181. What is the highest common divisor of i and 18?
9
Let w(l) = -3*l**3 + l**2 + 2*l - 4. Let j be w(-3). Calculate the highest common factor of j and 10.
10
Suppose 2*j = 2*v + j - 309, -5*v + 766 = 4*j. What is the greatest common factor of 14 and v?
14
Suppose -2*c + 5 = 3*d + 6, 20 = -4*c. Let v be d*(-5)/(5/4). Let k be (v/(-18))/(2/27). Calculate the greatest common divisor of 45 and k.
9
Let n be 0*2/(-4) - -18. Suppose -5*y + y + 36 = 0. What is the greatest common divisor of n and y?
9
Let a be (-1144)/40*10/(-2). Calculate the greatest common factor of a and 13.
13
Let r(t) = 2*t**3 - t**2 - t + 3. Let f be r(3). Suppose -3*n - f = -9. Let i = n - -42. What is the highest common divisor of i and 6?
6
Let s(n) = -n**3 - n**2 + 3*n - 3. Let a be s(-4). Calculate the highest common factor of a and 11.
11
Let d = 51 - 33. What is the greatest common factor of 2 and d?
2
Suppose q + 13 = 3. Let t be (-4)/q*10/2. Let p be t/5 + (-636)/(-10). Calculate the highest common factor of 16 and p.
16
Suppose 0 = 8*b - 3*b - 10. Suppose -b*h - 25 = z + 27, 2*z - 112 = 5*h. Let x be h/(-4)*(-26)/(-4). Calculate the greatest common factor of x and 13.
13
Let u = 15 + -9. What is the greatest common divisor of 18 and u?
6
Let f be (2 - 5)/(30/(-80)). Let a be (f/10)/(22/275). Calculate the highest common divisor of 90 and a.
10
Suppose 4*l = 3*l + 5. Let a(d) = 5*d - 2. Let q be a(l). Suppose 0*f - 3*f + 49 = -5*z, -4*z = f - 39. Calculate the highest common factor of q and f.
23
Let v be 34/6 + (-12)/18. Suppose 2*f + 0*n = 3*n + 19, 16 = v*f + 3*n. Calculate the greatest common divisor of f and 2.
1
Let t be ((-2)/3)/((-4)/288*1). Calculate the highest common factor of t and 32.
16
Let r(t) = -t**3 + 46 - t + 14 + 2*t**3. Let a be r(0). Suppose -3*m - 2*m = -50. Calculate the greatest common divisor of a and m.
10
Let b be 18/(-72) - 9/(-4). What is the highest common factor of b and 10?
2
Let m = -1 + 2. Suppose -f = -44 - m. Suppose -k - f = -4*k. Ca